12923
What are the prime factors of 1376330348?
2, 67, 1489, 3449
List the prime factors of 28361238.
2, 3, 131, 36083
List the prime factors of 831646049.
13, 163, 269, 1459
What are the prime factors of 1598596681?
11, 43, 59, 57283
What are the prime factors of 107039847?
3, 577, 61837
What are the prime factors of 3989241476?
2, 11, 90664579
List the prime factors of 403666302.
2, 3, 13, 257, 1549
List the prime factors of 1014379667.
7, 53, 2734177
What are the prime factors of 23643307?
461, 51287
List the prime factors of 92862362.
2, 23, 2018747
List the prime factors of 109470746.
2, 7, 11, 710849
What are the prime factors of 328161?
3, 109387
List the prime factors of 151919974.
2, 89, 229, 3727
List the prime factors of 348211043.
19, 4273, 4289
What are the prime factors of 479339798?
2, 7, 521, 65717
What are the prime factors of 9838972?
2, 11, 13, 103, 167
List the prime factors of 68017318.
2, 61, 557519
What are the prime factors of 3156595?
5, 13, 48563
List the prime factors of 3036522013.
7, 31, 43, 46489
List the prime factors of 9145191044.
2, 11, 207845251
List the prime factors of 66515964.
2, 3, 1237, 4481
List the prime factors of 80093721.
3, 19, 1405153
List the prime factors of 165560253.
3, 137, 402823
What are the prime factors of 552950458?
2, 276475229
What are the prime factors of 4082710074?
2, 3, 29, 83, 282697
List the prime factors of 409586224.
2, 25599139
List the prime factors of 305059937.
7, 13, 478901
What are the prime factors of 162594901?
7, 89, 260987
List the prime factors of 768253746.
2, 3, 13, 9849407
List the prime factors of 3427069484.
2, 47, 277, 65809
List the prime factors of 256718184.
2, 3, 10696591
List the prime factors of 73613552.
2, 4600847
List the prime factors of 163425183.
3, 349, 156089
List the prime factors of 2788929520.
2, 5, 13, 2681663
What are the prime factors of 55121824?
2, 1722557
What are the prime factors of 395880987?
3, 3169, 41641
What are the prime factors of 1181580614?
2, 17, 61, 569711
List the prime factors of 4058010065.
5, 409, 821, 2417
List the prime factors of 2411385429.
3, 937, 857839
List the prime factors of 246191188.
2, 59, 1043183
List the prime factors of 157621689.
3, 131, 133691
List the prime factors of 499673445.
3, 5, 2203, 15121
List the prime factors of 117115873.
7, 17, 984167
What are the prime factors of 425692912?
2, 47, 659, 859
List the prime factors of 71099566.
2, 35549783
List the prime factors of 1534835891.
1534835891
What are the prime factors of 74328061?
2713, 27397
What are the prime factors of 48325430?
2, 5, 4832543
What are the prime factors of 3372974192?
2, 7, 614609
List the prime factors of 3060754314.
2, 3, 83, 6146093
List the prime factors of 58269164.
2, 14567291
What are the prime factors of 33810667?
11, 23, 12149
List the prime factors of 19856308.
2, 631, 7867
List the prime factors of 58256861.
13, 23, 194839
What are the prime factors of 3575024?
2, 223439
What are the prime factors of 1577512787?
491, 3212857
What are the prime factors of 446880595?
5, 7, 257, 49681
What are the prime factors of 10048397?
19, 528863
List the prime factors of 2517470198.
2, 23, 89, 614917
List the prime factors of 600575760.
2, 3, 5, 834133
List the prime factors of 2948002479.
3, 47, 67, 34673
What are the prime factors of 269864742?
2, 3, 7, 6425351
List the prime factors of 1050145836.
2, 3, 87512153
List the prime factors of 100850640.
2, 3, 5, 11, 38201
List the prime factors of 3316800569.
19, 174568451
List the prime factors of 745979391.
3, 82886599
List the prime factors of 116229078.
2, 3, 7, 131779
List the prime factors of 175112705.
5, 563, 62207
List the prime factors of 178761711.
3, 59587237
What are the prime factors of 1862543793?
3, 11, 56440721
List the prime factors of 2108893080.
2, 3, 5, 7, 157, 15991
List the prime factors of 950012329.
7, 31, 977, 4481
What are the prime factors of 118647684?
2, 3, 61, 97, 557
List the prime factors of 106973214.
2, 3, 17, 419, 2503
List the prime factors of 8493481.
367, 23143
List the prime factors of 59694979.
19, 107, 29363
List the prime factors of 248440295.
5, 17, 19, 9049
What are the prime factors of 43054605?
3, 5, 11, 79, 367
List the prime factors of 102490650.
2, 3, 5, 31, 79
What are the prime factors of 1124219755?
5, 224843951
What are the prime factors of 2225768659?
31, 2689, 26701
What are the prime factors of 45055603?
37, 1217719
What are the prime factors of 54359538?
2, 3, 9059923
List the prime factors of 89510376.
2, 3, 1877, 1987
What are the prime factors of 321981973?
61, 5278393
What are the prime factors of 92730492?
2, 3, 61, 42227
List the prime factors of 207626143.
109, 1904827
What are the prime factors of 523294045?
5, 23, 4550383
What are the prime factors of 194949177?
3, 19, 3420161
What are the prime factors of 1307766175?
5, 239, 218873
List the prime factors of 197506539.
3, 19, 439, 877
List the prime factors of 804870283.
7, 3433, 33493
What are the prime factors of 534942111?
3, 11, 17, 953551
What are the prime factors of 17820354?
2, 3, 23, 263, 491
List the prime factors of 410564588.
2, 7, 14663021
What are the prime factors of 4201339008?
2, 3, 10940987
List the prime factors of 7216004.
2, 47, 131, 293
List the prime factors of 1110097501.
17, 107, 610279
What are the prime factors of 3461362517?
47, 73646011
What are the prime factors of 927795479?
13, 19, 3756257
What are the prime factors of 48126655?
5, 599, 16069
List the prime factors of 1930901433.
3, 31, 20762381
List the prime factors of 332458939.
79, 4208341
What are the prime factors of 60568952?
2, 457, 16567
What are the prime factors of 18957178?
2, 89, 106501
What are the prime factors of 978986244?
2, 3, 373, 218719
List the prime factors of 27003983.
27003983
List the prime factors of 47571158.
2, 43, 553153
List the prime factors of 82730021.
11, 7520911
List the prime factors of 205169479.
8363, 24533
List the prime factors of 3474888.
2, 3, 67, 2161
List the prime factors of 163684380.
2, 3, 5, 2728073
List the prime factors of 649733036.
2, 67, 2424377
List the prime factors of 83645870.
2, 5, 7, 11, 108631
What are the prime factors of 100716301?
7, 281, 51203
What are the prime factors of 71196666?
2, 3, 131, 239, 379
List the prime factors of 28411889.
11, 234809
What are the prime factors of 856616680?
2, 5, 21415417
List the prime factors of 3872424897.
3, 11, 29, 311, 4337
What are the prime factors of 2321177443?
13, 863, 206897
What are the prime factors of 741709911?
3, 23, 1153, 9323
List the prime factors of 3256831573.
29, 31, 3622727
What are the prime factors of 10146661?
7, 1449523
What are the prime factors of 1861537386?
2, 3, 4987, 62213
List the prime factors of 47293453.
389, 121577
What are the prime factors of 2847508257?
3, 11, 86288129
List the prime factors of 276538862.
2, 138269431
List the prime factors of 47319222.
2, 3, 503, 15679
What are the prime factors of 7457792?
2, 7283
List the prime factors of 41596002.
2, 3, 7, 47161
List the prime factors of 279605311.
19, 139, 105871
List the prime factors of 32538826.
2, 557, 29209
List the prime factors of 870020555.
5, 137, 1270103
List the prime factors of 3253935154.
2, 83, 311, 63029
List the prime factors of 457459066.
2, 228729533
List the prime factors of 41944961.
41944961
What are the prime factors of 142080667?
142080667
List the prime factors of 33794144.
2, 521, 2027
List the prime factors of 2376923064.
2, 3, 99038461
What are the prime factors of 99868849?
99868849
List the prime factors of 143579190.
2, 3, 5, 523, 9151
List the prime factors of 1771114806.
2, 3, 98395267
List the prime factors of 279487003.
279487003
List the prime factors of 30165813.
3, 199, 16843
List the prime factors of 2161840421.
13, 166295417
What are the prime factors of 22200144?
2, 3, 317, 1459
List the prime factors of 217202996.
2, 54300749
What are the prime factors of 185259985?
5, 1597, 23201
List the prime factors of 4753667260.
2, 5, 71, 3347653
What are the prime factors of 29778638?
2, 101, 147419
What are the prime factors of 822875?
5, 29, 227
List the prime factors of 460856140.
2, 5, 199, 115793
List the prime factors of 298614752.
2, 9331711
List the p